53)?
-18
Let l(x) = -x**3 + 15*x**2 + 10*x - 43. Calculate l(16).
-139
Let b(x) = 119*x**2 - 2*x - 2. Give b(-1).
119
Let l(c) = -4*c**3 - c**2 + 8*c - 47. Give l(5).
-532
Let j(g) = -100*g + 2696. What is j(27)?
-4
Let i(n) = -342*n + 1024. Calculate i(3).
-2
Let g(i) = i**3 - 16*i**2 - 225*i - 15. Determine g(25).
-15
Let j(n) = 5*n**3 - n**2 + 18*n + 80. Give j(-4).
-328
Let m(p) = 2*p**3 + 95*p**2 + 304*p - 97. What is m(-44)?
79
Let x(i) = -79*i - 46. What is x(-1)?
33
Let h(w) = 60*w - 2152. Give h(36).
8
Let z(j) = 2*j**3 + 4*j**2 - 51*j + 32. What is z(4)?
20
Let r(v) = 4*v**2 + 42*v + 102. What is r(-4)?
-2
Let x(f) = -313*f + 4380. Determine x(14).
-2
Let i(f) = -17*f + 248. Determine i(14).
10
Let v(u) = 20*u - 775. Determine v(40).
25
Let c(a) = 84*a - 2410. Give c(29).
26
Let q(s) = 30*s - 112. Calculate q(4).
8
Let a(w) = -w**2 + 54*w + 8. Give a(34).
688
Let c(y) = -y**3 + 12*y**2 - 7*y + 26. Calculate c(6).
200
Let v(w) = -9*w**2 - 12*w - 26. Determine v(-3).
-71
Let m(r) = -2*r**2 + 375*r - 553. What is m(186)?
5
Let i(r) = r**2 + 151*r + 4302. Give i(-110).
-208
Let n(b) = -b**2 - 43*b - 307. What is n(-35)?
-27
Let f(m) = m - 95. Give f(20).
-75
Let k(v) = -46*v + 1718. Determine k(38).
-30
Let j(v) = 2*v**2 - 40*v + 64. Determine j(18).
-8
Let b(a) = -4*a**3 - 19*a**2 + 14*a + 24. What is b(-5)?
-21
Let h(o) = 64*o**2 - 6*o - 2. Determine h(2).
242
Let y(l) = 1858*l - 11147. Calculate y(6).
1
Let c(o) = 20*o**2 - o + 2. Give c(-2).
84
Let h(b) = 42*b**2 + 13312*b - 639. What is h(-317)?
-5
Let a(l) = l**3 - 134*l**2 + 2554*l - 121. Determine a(111).
-10
Let n(y) = y**3 + 28*y**2 - 4*y - 146. What is n(-28)?
-34
Let i(t) = -2*t**2 + 592*t + 16060. Determine i(-25).
10
Let l(w) = -8*w**3 + 58*w**2 - 13*w + 8. What is l(8)?
-480
Let h(b) = -b**2 - b - 34. What is h(0)?
-34
Let f(a) = -159*a - 124. Determine f(0).
-124
Let x(a) = 30*a**2 + 191*a - 1. Calculate x(-8).
391
Let g(c) = -2*c**3 + 145*c**2 - 614*c + 131. What is g(68)?
-5
Let s(u) = 53*u - 8692. Give s(164).
0
Let y(t) = -3*t**3 - 9*t**2 - 7*t - 3. Give y(-4).
73
Let o(f) = -2*f**2 - 33*f + 394. Determine o(-25).
-31
Let g(s) = s**3 + 50*s**2 - 158*s - 5. Determine g(3).
-2
Let a(r) = 122*r - 3389. Determine a(28).
27
Let a(j) = 8*j**2 - 3*j + 33. Determine a(3).
96
Let t(a) = -4*a**2 + 11*a + 1. Calculate t(6).
-77
Let k(r) = -4*r**3 - 336*r**2 + 23*r + 1948. Determine k(-84).
16
Let y(b) = 8*b**2 - 24*b + 53. Give y(7).
277
Let h(u) = -20*u - 185. What is h(-8)?
-25
Let j(h) = h**3 + 60*h**2 - 2125*h - 10. Determine j(25).
-10
Let o(g) = g**2 + 17*g - 65. Give o(-17).
-65
Let z(f) = -f**2 + 124*f - 1359. What is z(112)?
-15
Let m(a) = a**3 - 15*a**2 + 16*a - 36. Determine m(13).
-166
Let t(c) = -12*c**2 - 142*c - 18. Calculate t(-12).
-42
Let k(g) = -g**2 - 15*g + 1748. What is k(35)?
-2
Let x(o) = -28*o + 93. Give x(27).
-663
Let u(k) = -87*k**2 - 388*k - 431. Calculate u(-2).
-3
Let a(z) = 1149*z + 3436. Determine a(-3).
-11
Let a(x) = x**3 - 151*x**2 + 10*x - 1512. Calculate a(151).
-2
Let s(f) = -436*f + 2609. Determine s(6).
-7
Let r(c) = 836*c - 776. What is r(1)?
60
Let t(f) = -13*f**3 - 64*f**2 - 10*f - 69. Calculate t(-5).
6
Let a(u) = -2150*u + 66643. Give a(31).
-7
Let z(n) = n**3 - 33*n**2 - 31*n + 3. Calculate z(34).
105
Let l(m) = 389*m - 61466. Determine l(158).
-4
Let m(k) = 89*k - 482. What is m(5)?
-37
Let b(w) = 7*w**3 - 32*w**2 - 17*w + 3. What is b(5)?
-7
Let z(f) = -48*f + 2593. Give z(54).
1
Let m(x) = 796*x + 25. What is m(0)?
25
Let y(c) = -c**3 + 13*c**2 + 92*c - 940. Give y(15).
-10
Let h(r) = 41*r**3 - 332*r**2 + 32*r - 6. What is h(8)?
-6
Let f(n) = 6*n**2 + 15*n - 16. Determine f(7).
383
Let i(p) = -2*p**2 + 287*p - 111. Give i(143).
32
Let t(c) = c**3 + 56*c**2 + 13*c + 704. Determine t(-56).
-24
Let s(g) = 121*g + 760. What is s(-6)?
34
Let o(p) = 3*p - 60. What is o(-56)?
-228
Let d(j) = -j**2 + 3476*j - 110207. Calculate d(32).
1
Let x(j) = -884*j**2 + 42*j - 41. Determine x(1).
-883
Let o(w) = -24*w**2 + 2086*w + 178. Give o(87).
4
Let y(a) = 41*a**2 - 2842*a + 891. Calculate y(69).
-6
Let p(u) = 106*u**2 - 2762*u + 64. What is p(26)?
-92
Let u(f) = -34*f + 3405. What is u(100)?
5
Let j(v) = -441*v - 3068. Determine j(-7).
19
Let f(v) = -v**2 + 108*v + 1505. Determine f(-12).
65
Let w(m) = 2*m**3 + 60*m**2 - 26*m + 197. What is w(-30)?
977
Let v(b) = -b**3 - 20*b**2 + 157*b - 88. Calculate v(-26).
-114
Let k(v) = 2*v**2 - 233*v - 17733. What is k(169)?
12
Let g(c) = 25*c - 901. What is g(39)?
74
Let m(x) = -14*x - 350. Calculate m(-23).
-28
Let t(q) = 3*q**3 + 67*q**2 - 70*q - 528. Determine t(-23).
24
Let b(q) = 982*q + 32409. Calculate b(-33).
3
Let m(g) = -g**3 + 21*g**2 + 66*g + 165. Calculate m(24).
21
Let c(m) = m**2 + 93*m + 1975. Give c(-60).
-5
Let y(l) = l**2 + 117*l - 351. Give y(-120).
9
Let w(q) = -q**3 + 133*q**2 - 393*q + 553. Give w(130).
163
Let c(t) = 71*t**2 + 13*t - 1. Calculate c(-2).
257
Let n(a) = 98*a + 5692. Give n(-58).
8
Let h(j) = j**3 - j**2 - 4*j. Calculate h(0).
0
Let s(a) = a**3 + 6*a**2 - 170*a - 78. Determine s(-16).
82
Let b(h) = h**3 + 55*h**2 + 146*h - 535. Calculate b(-52).
-15
Let g(l) = l**3 + 41*l**2 - 87*l + 1967. Determine g(-44).
-13
Let j(r) = -r**3 - 6*r**2 - 31*r - 34. Give j(-1).
-8
Let f(d) = d**2 - 179*d - 2917. Give f(-15).
-7
Let p(m) = -m**2 - 182*m + 79321. Calculate p(-387).
-14
Let c(x) = x**3 + 7*x**2 - 52*x - 271. Determine c(-10).
-51
Let r(a) = a**2 + 4*a - 185. What is r(-16)?
7
Let f(s) = 392*s - 383. Calculate f(1).
9
Let l(n) = -2*n**2 - 75*n - 631. Calculate l(-26).
-33
Let p(g) = -g**3 + 44*g**2 + 196*g - 219. Calculate p(48).
-27
Let s(f) = -2*f**2 + 111*f - 463. Determine s(4).
-51
Let n(l) = 134*l - 4702. Determine n(35).
-12
Let n(g) = 2742*g - 11004. Calculate n(4).
-36
Let m(a) = -6*a**2 + 6*a - 21. Determine m(-5).
-201
Let p(c) = c**2 + 16*c - 255. Determine p(10).
5
Let m(p) = -p**2 + 83*p - 1646. Give m(33).
4
Let o(g) = -6*g**2 + 41*g + 86. Give o(-2).
-20
Let h(t) = -80*t + 22. Give h(0).
22
Let a(z) = 136*z + 827. Calculate a(-6).
11
Let q(f) = f**3 - 4*f**2 - 7*f - 16. Determine q(6).
14
Let y(q) = -61*q - 17. What is y(-1)?
44
Let q(o) = 7*o**2 + 132*o + 534. Determine q(-6).
-6
Let j(f) = 15*f - 442. Calculate j(28).
-22
Let p(q) = -q**3 - 4*q**2 + 55*q + 262. Determine p(-6).
4
Let j(d) = -d**2 + 61*d + 7110. What is j(120)?
30
Let r(c) = -106*c - 8064. What is r(-75)?
-114
Let x(l) = l**2 + 20*l + 89. Determine x(-9).
-10
Let v(r) = -2869*r - 25830. Determine v(-9).
-9
Let n(h) = 53*h - 458. Give n(7).
-87
Let b(y) = y**2 - 94*y + 332. Give b(90).
-28
Let c(r) = -2*r**3 - 17*r**2 + 16*r + 70. Calculate c(-8).
-122
Let o(b) = -2*b**3 + 15*b**2 + 7*b + 22. Determine o(8).
14
Let r(o) = 8*o - 625. Give r(76).
-17
Let c(n) = n**3 + n**2 - 7*n + 4. What is c(6)?
214
Let c(u) = 201*u - 1016. What is c(6)?
190
Let f(s) = s**2 - 26*s - 83. What is f(17)?
-236
Let y(p) = 10*p - 100. What is y(-3)?
-130
Let b(r) = -r**2 + 94*r + 797. Give b(-8).
-19
Let a(l) = 373*l - 47749. Calculate a(128).
-5
Let q(w) = 33*w**2 + 144*w + 284. Calculate q(-2).
128
Let q(u) = 4929*u + 34505. Determine q(-7).
2
Let d(f) = 2*f**3 + 19*f**2 + 66*f + 57. What is d(-4)?
-31
Let l(d) = -13*d - 58. Determine l(-12).
98
Let a(m) = -369*m - 1832. Give a(-4).
-356
Let c(w) = w**3 - 32*w**2 - 12*w + 929. Calculate c(32).
545
Let a(l) = 2*l**3 - 16*l**2 - 30*l + 195. Determine a(8).
-45
Let l(t) = -29*t - 230. Determine l(-11).
89
Let i(n) = 70*n - 82. Calculate i(1).
-12
Let h(d) = 59*d + 5201. Determine h(-93).
-286
Let j(g) = -g**3 - 21*g**2 + 36*g - 91. Calculate j(-23).
139
Let c(n) = n**3 - 34*n**2 + 41*n - 284. Determine c(33).
-20
Let u(b) = b**3 - 2*b**2 - 53*b - 24. Determine u(0).
-24
Let w(o) = 24*o**2 - 97*o + 77. Give w(3).
2
Let j(z) = z**3 + 6*z**2 - 32*z - 215. What is j(-7)?
-40
Let w(h) = 10*h**2 - 7*h + 5. What is w(-2)?
59
Let p(v) = 6*v**3 - 4*v**2 - 50*v - 296. Determine p(-6).
-1436
Let v(x) = -10272*x + 61602. Give v(6).
-30
Let d(s) = -2*s**2 - 23*s + 453. Determine d(10).
23
Let n(u) = -u**3 + 77*u**2 + 498*u - 2. Determine n(-6).
-2
Let r(h) = 11*h**2 + 307*h + 543. What is r(-26)?
-3
Let p(t) = -t**2 + 64*t - 521. Calculate p(57).
-122
Let w(s) = 4*s +